{"id":9,"date":"2011-01-02T19:18:37","date_gmt":"2011-01-02T18:18:37","guid":{"rendered":"http:\/\/module.eakj.de\/?page_id=6"},"modified":"2019-01-31T19:49:54","modified_gmt":"2019-01-31T18:49:54","slug":"vereinsrichtlinien","status":"publish","type":"page","link":"http:\/\/module.eakj.de\/?page_id=9","title":{"rendered":"Vereinsrichtlinien"},"content":{"rendered":"<p>Hier sind unsere Richtlinien zum Nachlesen:<\/p>\n<p style=\"text-align: center;\"><a href=\"http:\/\/module.eakj.de\/H0-Module_EAKJ.pdf\" target=\"_blank\" rel=\"noopener\">H0-Module<\/a> <span style=\"font-size: xx-small;\">(PDF 490 kB)<\/span>\u00a0\u00a0\u00a0\u00a0\u00a0\u00a0\u00a0\u00a0\u00a0\u00a0\u00a0\u00a0\u00a0\u00a0\u00a0\u00a0\u00a0\u00a0\u00a0\u00a0\u00a0\u00a0\u00a0\u00a0\u00a0\u00a0\u00a0\u00a0\u00a0\u00a0\u00a0\u00a0\u00a0\u00a0\u00a0\u00a0\u00a0\u00a0 <a href=\"http:\/\/module.eakj.de\/H0e-Module_EAKJ.pdf\" target=\"_blank\" rel=\"noopener\">H0<span style=\"color: red;\"><strong>e<\/strong><\/span>-Module<\/a> <span style=\"font-size: xx-small;\">(PDF 567 kB)<\/span> (Schmalspur)<\/p>\n<p>Der EAKJ w\u00fcnscht allen Modulbauern viel Spa\u00df beim Bauen und Fahren.<\/p>\n<p>F\u00fcr alle Interessierte stehen wir mit Rat und Tat zur Seite &#8211; einfach an den Klubabenden (Montags) vorbeikommen oder eine Mail an <a href=\"mailto:module@eakj.de\"><strong>module (at) eakj.de<\/strong><\/a> schreiben.<span style=\"font-size: xx-small;\"><br \/>\n<\/span><\/p>\n<p>Ansprechpartner: Michael Wagener, Winfried Banse, Marc Giesen, Herbert Fackeldey<\/p>\n","protected":false},"excerpt":{"rendered":"<p>Hier sind unsere Richtlinien zum Nachlesen: H0-Module (PDF 490 kB)\u00a0\u00a0\u00a0\u00a0\u00a0\u00a0\u00a0\u00a0\u00a0\u00a0\u00a0\u00a0\u00a0\u00a0\u00a0\u00a0\u00a0\u00a0\u00a0\u00a0\u00a0\u00a0\u00a0\u00a0\u00a0\u00a0\u00a0\u00a0\u00a0\u00a0\u00a0\u00a0\u00a0\u00a0\u00a0\u00a0\u00a0\u00a0 H0e-Module (PDF 567 kB) (Schmalspur) Der EAKJ w\u00fcnscht allen Modulbauern viel Spa\u00df beim Bauen und Fahren. F\u00fcr alle Interessierte stehen wir mit Rat und Tat zur Seite &#8211; einfach an &hellip; <a href=\"http:\/\/module.eakj.de\/?page_id=9\">Weiterlesen <span class=\"meta-nav\">&rarr;<\/span><\/a><\/p>\n","protected":false},"author":1,"featured_media":0,"parent":0,"menu_order":0,"comment_status":"closed","ping_status":"open","template":"","meta":{"footnotes":""},"class_list":["post-9","page","type-page","status-publish","hentry"],"_links":{"self":[{"href":"http:\/\/module.eakj.de\/index.php?rest_route=\/wp\/v2\/pages\/9","targetHints":{"allow":["GET"]}}],"collection":[{"href":"http:\/\/module.eakj.de\/index.php?rest_route=\/wp\/v2\/pages"}],"about":[{"href":"http:\/\/module.eakj.de\/index.php?rest_route=\/wp\/v2\/types\/page"}],"author":[{"embeddable":true,"href":"http:\/\/module.eakj.de\/index.php?rest_route=\/wp\/v2\/users\/1"}],"replies":[{"embeddable":true,"href":"http:\/\/module.eakj.de\/index.php?rest_route=%2Fwp%2Fv2%2Fcomments&post=9"}],"version-history":[{"count":2,"href":"http:\/\/module.eakj.de\/index.php?rest_route=\/wp\/v2\/pages\/9\/revisions"}],"predecessor-version":[{"id":964,"href":"http:\/\/module.eakj.de\/index.php?rest_route=\/wp\/v2\/pages\/9\/revisions\/964"}],"wp:attachment":[{"href":"http:\/\/module.eakj.de\/index.php?rest_route=%2Fwp%2Fv2%2Fmedia&parent=9"}],"curies":[{"name":"wp","href":"https:\/\/api.w.org\/{rel}","templated":true}]}}